actor of 160 and j.
16
Let t(x) = -x**2 + 46*x - 504. Let r be t(27). Let k(y) = 19*y + 3. Let w be k(6). Calculate the greatest common divisor of w and r.
9
Let n be ((-48)/20)/((-21)/7700). What is the greatest common factor of n and 55?
55
Suppose -2*h = 4*u - 26, -2*u + 51 = 5*h + u. What is the highest common divisor of 81 and h?
9
Suppose -186 = -31*s + 25*s. Calculate the greatest common factor of 279 and s.
31
Suppose -p = 4*k - 65, -k + p + 15 = -0*k. What is the highest common factor of 68 and k?
4
Let n(x) = 266*x - 1006. Let h be n(5). What is the highest common factor of h and 108?
108
Let u be 16/(5 - 1) + 41. Calculate the highest common divisor of 360 and u.
45
Suppose 153 = 41*j - 749. Calculate the highest common factor of 2266 and j.
22
Suppose 3*y + 335 - 264 = 5*z, -4*y - 52 = -4*z. Calculate the greatest common divisor of z and 112.
16
Let u(v) = 3*v - 8. Let b be u(5). Let f be (5 - b) + (5*2 - 1). Calculate the greatest common factor of f and 1.
1
Let l = -34 + 62. What is the highest common divisor of 6 and l?
2
Let f(h) = -h + 21. Let m = -21 + 30. Let z be f(m). Suppose -48 = -a + 4*v, -83 = -2*a + 3*v - 2. Calculate the highest common divisor of z and a.
12
Suppose 37 = 5*f - 78. Let d = 92 - 89. Suppose -d*p - p = -736. Calculate the highest common factor of f and p.
23
Suppose -4*n - 10 = -3*g, g + g = -2*n + 2. Suppose 3*v - 22 = g*v. Let j be (-852)/(-33) - (-4)/v. What is the highest common factor of j and 13?
13
Let w = -320 - -626. What is the highest common factor of 34 and w?
34
Suppose 0*z - 7*z = -7. Let n be 4/(6 - z - 3). Suppose n*c = 9*c - 693. What is the highest common factor of 11 and c?
11
Suppose 12*w - 5*s = 15*w - 863, 4*w + s = 1145. What is the highest common factor of w and 26?
26
Let i = 42 - 20. Let x = i - 4. What is the greatest common divisor of x and 6?
6
Let w(n) = -21*n - 215. Let f be w(-25). What is the greatest common divisor of f and 248?
62
Let q be (-79550)/(-40) + 3/12. Calculate the highest common factor of q and 117.
117
Let h = 22 + -18. Suppose -30 = -3*m - 3*t, h*m - 35 = -2*t + 3*t. What is the greatest common factor of 81 and m?
9
Let x be (-1)/(1/(-12))*(-32 - -38). What is the highest common factor of x and 162?
18
Suppose -5*d + 5*k + 835 = 0, 17*d = 16*d - k + 173. Calculate the greatest common factor of 34 and d.
34
Let c(j) = 33*j**2 - 9*j - 9. Let m be c(-3). What is the greatest common factor of 35 and m?
35
Suppose 1323*g = 1273*g + 155 + 445. Let w be (-1)/((-26)/12 + 2). What is the highest common factor of w and g?
6
Let o(i) = -4*i - 3. Let t be o(-12). What is the greatest common divisor of 45 and t?
45
Suppose -4*s + 1951 - 42 = -5*j, 477 = s - j. Calculate the greatest common factor of s and 28.
28
Let v = 5 - 3. Suppose -s + 2*j = -v*s + 2, j = -5*s + 19. Suppose -2 = -3*h + s. What is the highest common factor of 4 and h?
2
Let l be 8/(-14)*(-21)/6 + 23. What is the highest common factor of l and 2?
1
Suppose 15*o + 17*o - 12288 = 0. Calculate the greatest common divisor of o and 12.
12
Suppose -3*u + 7*u - 50 = -2*v, -3*u - 138 = -5*v. Let x = v - 10. What is the highest common divisor of x and 119?
17
Suppose -9*d + 402 = 42. Calculate the greatest common divisor of 310 and d.
10
Suppose 0 = 11*r + 6*r - 544. Calculate the highest common divisor of r and 72.
8
Let f be 80/12*(-12)/(-8). Suppose k + 4*q = 18, -4*q + f = -k - q. Calculate the highest common divisor of k and 26.
2
Let i = -11 - -13. Let j(t) be the first derivative of t**4/4 + 5*t**3/3 - 2*t**2 - 12*t - 7. Let h be j(-5). Calculate the highest common factor of i and h.
2
Let y(w) = -3*w + 6. Let m be y(-6). Suppose -4*t - 3*r + 38 = 0, 0 = 9*t - 6*t - 4*r - 16. Calculate the highest common factor of m and t.
8
Suppose -3*p - 1014 = -9*p. Suppose -41 = -7*a + p. Calculate the highest common factor of 10 and a.
10
Let z be (-24)/(-10)*85/(-34) + 22. Calculate the highest common divisor of 8 and z.
8
Suppose -5*s + 2*s + 12 = 0. Suppose -4*z = 3*f - 244, 2*z = -2*z + s. Suppose 8*p - 861 = 739. Calculate the greatest common factor of p and f.
40
Let f(t) = t + 6. Let u be f(-6). Suppose u = g + 2*y - y - 12, 0 = -3*g + 4*y + 64. What is the greatest common divisor of 208 and g?
16
Let g(o) = 5*o**2 + 7*o - 15. Let v be g(-3). Let l = 41 - 14. Let h be 249/l + (-4)/18. Calculate the greatest common factor of v and h.
9
Let z(d) = -d**3 + 63*d**2 - d + 263. Let x be z(63). What is the highest common divisor of x and 100?
100
Let t(f) = 20*f + 10. Let r be t(11). Suppose 0 = -7*y - 3*y + r. What is the greatest common factor of 69 and y?
23
Let p(j) = 150*j + 220. Let d be p(15). Calculate the highest common divisor of d and 130.
130
Let z = 19 + -12. Suppose 3 - z = -2*v. Suppose r = -r + 2*o + 46, -5*r = v*o - 80. What is the greatest common divisor of r and 6?
6
Let d(n) = 49*n**2 + n + 6. Let l be d(2). What is the highest common factor of l and 60?
12
Suppose -5*u = -4*j - 98, 19*j = -4*u + 21*j + 82. Let f be (1/(-2))/(2/(-8)). Calculate the greatest common divisor of u and f.
2
Let g = 442 - 434. Calculate the greatest common factor of 1 and g.
1
Suppose -2 = -6*u - 50. Let a = u + 45. What is the highest common divisor of 74 and a?
37
Let f = -7 - -95. Calculate the highest common divisor of f and 80.
8
Suppose -142 - 58 = -5*m. Let h be (-60)/(-5 - (-110)/25). Calculate the greatest common factor of m and h.
20
Suppose -18 = -4*l - 6. Let q be ((-4)/l)/((-6)/27). Let x = q + -1. Calculate the highest common factor of 25 and x.
5
Suppose 835 = 19*j - 77. Calculate the greatest common factor of 432 and j.
48
Let n be -2*(13/(-2) + -1). Suppose 129*g - 9395 = 11245 + 10320. What is the highest common divisor of n and g?
15
Let v = 4 + -4. Suppose -6*a + 3*a - 4*y + 586 = v, 5*y + 170 = a. Calculate the highest common factor of a and 19.
19
Let h(l) = l**3 - 3*l**2 - 6*l + 9. Let x be h(4). Let y(t) = 23*t**2 - 1. Let d be y(x). Calculate the highest common divisor of 176 and d.
22
Suppose -5*m = -5*t + 930, -7*t - 3*m = -2*t - 922. Suppose 170*s - 136 = 167*s + 5*r, 3*r + 15 = 0. What is the greatest common divisor of t and s?
37
Let g be (0 + -219)*15/9. Let l = g + 565. Calculate the highest common factor of 8 and l.
8
Let j(x) = -x**3 + 12*x**2 - 10*x - 1. Let r be j(11). Let c be ((-5)/(r/6))/(-3). Let b be (-9)/3 - (-58 + c). What is the highest common factor of 36 and b?
18
Let u(a) = -2*a**2 - a + 11. Let v be u(-5). Let f be 196/10 - v/85. Calculate the greatest common factor of f and 20.
20
Suppose -3*a + 42 = k, 3*k - 191 = -5*a - 65. Calculate the highest common factor of 63 and k.
21
Let a = 51 - 47. Suppose -4*z = -8*t + a*t + 708, 2*z = -2. What is the highest common factor of t and 16?
16
Let n = -6 - -8. Let m(v) = v**3 + 2*v**2. Let y be m(n). Suppose -c - 2*c = -12, -i - 3*c = -52. What is the greatest common divisor of i and y?
8
Let x(k) = 2*k**3 + 16*k**2 + 11*k - 16. Let j be x(-7). Calculate the greatest common factor of 4 and j.
1
Suppose -c + 4*m + 12 = 0, 16 = c + 2*c - 2*m. Let z = c + 27. What is the greatest common factor of 124 and z?
31
Let y = 15 - 22. Suppose 14*j = 16*j - 2. Let q be 11/j - (9 + y). Calculate the greatest common factor of q and 63.
9
Suppose 4*p = -n - 3, 3*n + 3*p - 7 = -p. Suppose 0 = -2*u - 5*z - 10 - 17, -82 = n*u - 2*z. Let l = -4 - u. What is the highest common factor of 6 and l?
6
Suppose 465 - 3765 = -12*p. Calculate the highest common factor of 110 and p.
55
Let j(c) be the third derivative of 3*c**4/4 + 17*c**3/6 - 8*c**2. Let b be j(7). What is the highest common factor of 13 and b?
13
Let r = 14 + 31. Let c(o) = -30*o**3 - o**2 - 4*o - 3. Let z = -60 - -59. Let q be c(z). What is the greatest common factor of r and q?
15
Let c(l) = -33*l - 2. Let r be c(-1). Let t be r + -7 - (1 + 1). Let x(i) = -11*i. Let y be x(-5). What is the highest common factor of t and y?
11
Let r = 6 + -1. Suppose r*m = 4*m + 5. Suppose -m*q + 32 = -3*c, q - 2*c - 8 = -c. Calculate the highest common divisor of 4 and q.
4
Suppose 4*x + 2*p + 201 = 3321, -2*x + 2*p = -1572. What is the greatest common divisor of x and 92?
46
Suppose -4*x + 4*t = -936, 5*t = 2*x + 4*t - 465. Let f = 11 + -8. Suppose -31 = f*k - 94. Calculate the greatest common f